 the greatest common divisor of 2480 and 506720.
80
What is the highest common factor of 313 and 80430671?
313
What is the greatest common divisor of 610936 and 568?
8
Calculate the highest common factor of 14547 and 136601179.
4849
What is the greatest common divisor of 35632976 and 8?
8
What is the highest common divisor of 174 and 81401898?
174
What is the highest common factor of 14640 and 486000?
240
Calculate the highest common factor of 160146 and 3661875.
1953
Calculate the greatest common divisor of 30 and 31113645.
15
Calculate the greatest common divisor of 1680286 and 13632.
142
What is the greatest common divisor of 48949 and 48243187?
1579
Calculate the greatest common divisor of 151965 and 276175665.
13815
What is the greatest common factor of 125291 and 200322?
359
What is the greatest common divisor of 561352411 and 554?
277
What is the highest common divisor of 591 and 205001549?
197
Calculate the highest common divisor of 67181994 and 261.
9
What is the greatest common divisor of 212178384 and 87?
87
Calculate the greatest common divisor of 35380 and 349160.
580
Calculate the highest common factor of 306591 and 6.
3
Calculate the greatest common factor of 208 and 369575804.
52
What is the greatest common factor of 272625728 and 27392?
6848
Calculate the highest common divisor of 36300 and 6825.
75
Calculate the highest common divisor of 792848044 and 548.
548
Calculate the highest common factor of 342571 and 19976491.
5113
What is the greatest common factor of 106542464 and 21952?
3136
What is the greatest common factor of 124813880 and 60?
20
What is the highest common factor of 1217588 and 1720?
172
What is the greatest common factor of 14830982 and 437?
19
What is the greatest common divisor of 121 and 19290007?
11
Calculate the highest common divisor of 654 and 30519782.
218
What is the highest common factor of 45708636 and 3036?
276
What is the highest common factor of 3271900 and 800?
100
What is the highest common factor of 601 and 995694129?
601
Calculate the highest common divisor of 1015761 and 5883.
111
Calculate the greatest common divisor of 18113444 and 8.
4
Calculate the highest common factor of 230373 and 1649934.
1287
Calculate the highest common factor of 424963 and 10318.
77
What is the highest common divisor of 15454494 and 3204?
1602
What is the greatest common factor of 1529 and 34914?
11
Calculate the highest common divisor of 3810786 and 1722.
1722
Calculate the greatest common divisor of 10172048 and 16209.
1801
Calculate the highest common divisor of 8235981 and 27.
9
Calculate the greatest common divisor of 148896 and 865854.
198
Calculate the greatest common divisor of 1162770 and 426.
6
Calculate the highest common factor of 377 and 13717174.
29
Calculate the highest common factor of 20 and 195827020.
20
What is the highest common divisor of 102480 and 11203260?
3660
What is the greatest common factor of 4554 and 84487326?
1518
What is the greatest common divisor of 1445300 and 5820?
1940
Calculate the highest common factor of 24416000 and 208.
16
Calculate the highest common factor of 171 and 48898989.
171
Calculate the greatest common divisor of 27099370 and 1040.
10
Calculate the highest common divisor of 23364 and 1505916.
2124
What is the greatest common divisor of 272 and 4323372?
68
Calculate the highest common divisor of 189945 and 246765.
15
Calculate the highest common divisor of 160 and 10179296.
32
Calculate the greatest common factor of 128682 and 259200.
54
What is the highest common factor of 41606973 and 85?
17
What is the highest common divisor of 31702 and 401122?
262
Calculate the greatest common divisor of 32982177 and 1857.
1857
Calculate the greatest common divisor of 29070365 and 10.
5
Calculate the greatest common factor of 900 and 86759028.
36
Calculate the greatest common factor of 74378 and 213.
1
What is the greatest common divisor of 1283 and 144443989?
1283
Calculate the greatest common divisor of 171 and 7107102.
171
What is the highest common factor of 8736 and 641004?
1092
Calculate the greatest common factor of 20 and 47291.
1
Calculate the greatest common divisor of 7700 and 40243.
7
Calculate the greatest common divisor of 185126 and 77614.
302
Calculate the highest common factor of 6229 and 85.
1
What is the highest common divisor of 60 and 77308596?
12
Calculate the greatest common divisor of 609277960 and 272.
136
What is the greatest common factor of 776 and 307639768?
776
Calculate the greatest common factor of 339526 and 391897.
253
What is the greatest common divisor of 201253 and 6162455?
1469
Calculate the highest common divisor of 95206 and 22444.
362
Calculate the highest common divisor of 1512 and 4321128.
168
Calculate the greatest common divisor of 1487640 and 2305336.
2024
Calculate the greatest common factor of 108 and 1727722656.
108
Calculate the highest common divisor of 915600 and 27459825.
8175
What is the greatest common factor of 912 and 1010572?
76
What is the highest common divisor of 66 and 161850249?
33
Calculate the greatest common factor of 30 and 32807730.
30
What is the highest common divisor of 18693 and 871335?
603
What is the highest common divisor of 132 and 1373559?
33
Calculate the highest common divisor of 676084 and 134826.
1954
What is the greatest common divisor of 718456 and 9672?
248
What is the greatest common divisor of 14017899 and 567?
21
What is the highest common divisor of 14433599 and 10047?
197
Calculate the highest common factor of 31504995 and 21420.
765
What is the greatest common factor of 44437533 and 2451?
129
Calculate the highest common factor of 718044 and 2703.
159
Calculate the greatest common factor of 41212220 and 210.
70
Calculate the highest common factor of 2954 and 4651.
1
Calculate the highest common divisor of 1107 and 92743569.
27
Calculate the greatest common factor of 627 and 36526227.
57
What is the highest common divisor of 50 and 599622?
2
What is the greatest common divisor of 5733 and 136836063?
819
What is the greatest common divisor of 5 and 637395740?
5
What is the greatest common factor of 10031546 and 26789?
623
Calculate the greatest common divisor of 8440 and 21254030.
2110
What is the greatest common factor of 434 and 22078138?
62
What is the greatest common divisor of 1014884 and 3484?
52
Calculate the highest common factor of 2570 and 1780930.
10
Calculate the greatest common factor of 25400 and 2561336.
1016
Calculate the greatest common factor of 5145 and 47452335.
5145
Calculate the greatest common factor of 5660270 and 138985.
385
What is the greatest common divisor of 541360946 and 188?
94
Calculate the highest common divisor of 649 and 9256731.
11
What is the greatest common divisor of 2935276 and 583425?
2593
What is the greatest common factor of 3614 and 1707823?
13
Calculate the greatest common factor of 13598 and 14703.
13
Calculate the greatest common factor of 2074 and 10682137.
1037
Calculate the greatest common divisor of 201 and 61169191.
67
Calculate the highest common divisor of 433089486 and 18.
18
Calculate the greatest common factor of 20316208 and 12970.
2594
Calculate the greatest common divisor of 466368 and 11328.
192
What is the highest common factor of 32683087 and 145?
29
What is the greatest common divisor of 2472423360 and 528?
528
Calculate the highest common factor of 822 and 50163783.
411
Calculate the highest common divisor of 20910680 and 1802.
34
Calculate the greatest common divisor of 24672 and 34976.
32
Calculate the highest common factor of 1523 and 121035856.
1523
What is the highest common divisor of 3876735 and 1185?
15
What is the highest common factor of 104696 and 600208?
184
What is the greatest common divisor of 8810547 and 171?
57
What is the highest common factor of 376190982 and 162?
18
What is the highest common divisor of 1306 and 19712764?
1306
Calculate the greatest common divisor of 184 and 56981112.
8
What is the greatest common factor of 198440 and 7190744?
3608
What is the highest common factor of 18972 and 4573?
17
Calculate the greatest common divisor of 660258776 and 1524.
508
What is the highest common factor of 2136115 and 1630?
815
Calculate the greatest common factor of 72492 and 8764.
28
Calculate the gr